{"id":2679,"date":"2014-07-17T09:22:46","date_gmt":"2014-07-17T08:22:46","guid":{"rendered":"http:\/\/primarysocialstudies.skola.edu.mt\/?page_id=2679"},"modified":"2019-06-02T12:32:27","modified_gmt":"2019-06-02T11:32:27","slug":"worksheets-3-sena","status":"publish","type":"page","link":"https:\/\/primarysocialstudies.skola.edu.mt\/?page_id=2679","title":{"rendered":"worksheets &#8211; 3 sena (ML)"},"content":{"rendered":"\n<h2 class=\"wp-block-heading\"><strong>\u010aIVIKA \u00a0(3 Sena) <\/strong><\/h2>\n\n\n\n<p><strong>BLOKK \u010a3.1 (Il-\u0126bieb Tag\u0127na)<\/strong> li jinkludi \u010a3.1.1, \u010a3.1.2, \u010a3.1.3 <strong>\u010a3.1.4.*<\/strong>  \u010a3.1.5<\/p>\n\n\n\n<div class=\"wp-block-file\"><a href=\"https:\/\/primarysocialstudies.skola.edu.mt\/wp-content\/uploads\/2019\/05\/C311-hbieb-u-hbieb-specjali-1.pdf\">C311-hbieb-u-hbieb-specjali-1<\/a><a href=\"https:\/\/primarysocialstudies.skola.edu.mt\/wp-content\/uploads\/2019\/05\/C311-hbieb-u-hbieb-specjali-1.pdf\" class=\"wp-block-file__button\" download>Download<\/a><\/div>\n\n\n\n<div class=\"wp-block-file\"><a href=\"https:\/\/primarysocialstudies.skola.edu.mt\/wp-content\/uploads\/2019\/05\/C312-il-gendru-u-l-hbieb-1.pdf\">C312-il-gendru-u-l-hbieb-1<\/a><a href=\"https:\/\/primarysocialstudies.skola.edu.mt\/wp-content\/uploads\/2019\/05\/C312-il-gendru-u-l-hbieb-1.pdf\" class=\"wp-block-file__button\" download>Download<\/a><\/div>\n\n\n\n<div class=\"wp-block-file\"><a href=\"https:\/\/primarysocialstudies.skola.edu.mt\/wp-content\/uploads\/2019\/05\/C313-x-naghmlu-flimkien-bhala-hbieb-1.pdf\">C313-x-naghmlu-flimkien-bhala-hbieb-1<\/a><a href=\"https:\/\/primarysocialstudies.skola.edu.mt\/wp-content\/uploads\/2019\/05\/C313-x-naghmlu-flimkien-bhala-hbieb-1.pdf\" class=\"wp-block-file__button\" download>Download<\/a><\/div>\n\n\n\n<div class=\"wp-block-file\"><a href=\"https:\/\/primarysocialstudies.skola.edu.mt\/wp-content\/uploads\/2019\/05\/C314-beneficcji-meta-nahdmu-fi-gruppi-1.pdf\">C314-beneficcji-meta-nahdmu-fi-gruppi-1<\/a><a href=\"https:\/\/primarysocialstudies.skola.edu.mt\/wp-content\/uploads\/2019\/05\/C314-beneficcji-meta-nahdmu-fi-gruppi-1.pdf\" class=\"wp-block-file__button\" download>Download<\/a><\/div>\n\n\n\n<div class=\"wp-block-file\"><a href=\"https:\/\/primarysocialstudies.skola.edu.mt\/wp-content\/uploads\/2019\/05\/C315-l-annimali-huma-hbieb-taghna-wkoll-1.pdf\">C315-l-annimali-huma-hbieb-taghna-wkoll-1<\/a><a href=\"https:\/\/primarysocialstudies.skola.edu.mt\/wp-content\/uploads\/2019\/05\/C315-l-annimali-huma-hbieb-taghna-wkoll-1.pdf\" class=\"wp-block-file__button\" download>Download<\/a><\/div>\n\n\n\n<p><strong>BLOKK \u010a3.2 (L-Iskola Tag\u0127na)<\/strong> li jinkludi  \u010a3.2.1, \u010a3.2.2, \u010a3.2.3, <strong>\u010a3.2.4*<\/strong>,   \u010a3.2.5 <\/p>\n\n\n\n<div class=\"wp-block-file\"><a href=\"https:\/\/primarysocialstudies.skola.edu.mt\/wp-content\/uploads\/2019\/05\/C321-kif-titmexxa-skola.pdf\">C321-kif-titmexxa-skola<\/a><a href=\"https:\/\/primarysocialstudies.skola.edu.mt\/wp-content\/uploads\/2019\/05\/C321-kif-titmexxa-skola.pdf\" class=\"wp-block-file__button\" download>Download<\/a><\/div>\n\n\n\n<div class=\"wp-block-file\"><a href=\"https:\/\/primarysocialstudies.skola.edu.mt\/wp-content\/uploads\/2019\/05\/C322-x-ihobbu-u-x-ma-jhobbux-l-istudenti.pdf\">C322-x-ihobbu-u-x-ma-jhobbux-l-istudenti<\/a><a href=\"https:\/\/primarysocialstudies.skola.edu.mt\/wp-content\/uploads\/2019\/05\/C322-x-ihobbu-u-x-ma-jhobbux-l-istudenti.pdf\" class=\"wp-block-file__button\" download>Download<\/a><\/div>\n\n\n\n<div class=\"wp-block-file\"><a href=\"https:\/\/primarysocialstudies.skola.edu.mt\/wp-content\/uploads\/2019\/05\/C323-affarijiet-gusti-u-ingusti.pdf\">C323-affarijiet-gusti-u-ingusti<\/a><a href=\"https:\/\/primarysocialstudies.skola.edu.mt\/wp-content\/uploads\/2019\/05\/C323-affarijiet-gusti-u-ingusti.pdf\" class=\"wp-block-file__button\" download>Download<\/a><\/div>\n\n\n\n<div class=\"wp-block-file\"><a href=\"https:\/\/primarysocialstudies.skola.edu.mt\/wp-content\/uploads\/2019\/05\/C324-x-jigri-meta-jinkisru-ligijiet-u-regoli.pdf\">C324-x-jigri-meta-jinkisru-ligijiet-u-regoli<\/a><a href=\"https:\/\/primarysocialstudies.skola.edu.mt\/wp-content\/uploads\/2019\/05\/C324-x-jigri-meta-jinkisru-ligijiet-u-regoli.pdf\" class=\"wp-block-file__button\" download>Download<\/a><\/div>\n\n\n\n<div class=\"wp-block-file\"><a href=\"https:\/\/primarysocialstudies.skola.edu.mt\/wp-content\/uploads\/2019\/05\/C325-inqabblu-l-iskola-mal-lokalita.pdf\">C325-inqabblu-l-iskola-mal-lokalita<\/a><a href=\"https:\/\/primarysocialstudies.skola.edu.mt\/wp-content\/uploads\/2019\/05\/C325-inqabblu-l-iskola-mal-lokalita.pdf\" class=\"wp-block-file__button\" download>Download<\/a><\/div>\n\n\n\n<p><strong>BLOKK \u010a3.3 (Il-B\u017connijiet Tag\u0127na)<\/strong> li jinkludi:  <strong>\u010a3.3.1*<\/strong>, \u010a3.3.2, \u010a3.3.3, \u010a3.3.4, \u010a3.3.5<\/p>\n\n\n\n<div class=\"wp-block-file\"><a href=\"https:\/\/primarysocialstudies.skola.edu.mt\/wp-content\/uploads\/2019\/05\/C331-xewqat-u-bzonnijiet-bazici.pdf\">C331-xewqat-u-bzonnijiet-bazici<\/a><a href=\"https:\/\/primarysocialstudies.skola.edu.mt\/wp-content\/uploads\/2019\/05\/C331-xewqat-u-bzonnijiet-bazici.pdf\" class=\"wp-block-file__button\" download>Download<\/a><\/div>\n\n\n\n<div class=\"wp-block-file\"><a href=\"https:\/\/primarysocialstudies.skola.edu.mt\/wp-content\/uploads\/2019\/05\/C332-kif-nakkwistaw-il-bzonnijiet.pdf\">C332-kif-nakkwistaw-il-bzonnijiet<\/a><a href=\"https:\/\/primarysocialstudies.skola.edu.mt\/wp-content\/uploads\/2019\/05\/C332-kif-nakkwistaw-il-bzonnijiet.pdf\" class=\"wp-block-file__button\" download>Download<\/a><\/div>\n\n\n\n<div class=\"wp-block-file\"><a href=\"https:\/\/primarysocialstudies.skola.edu.mt\/wp-content\/uploads\/2019\/05\/C333-kif-nimmaniggjaw-ix-xewqat.pdf\">C333-kif-nimmaniggjaw-ix-xewqat<\/a><a href=\"https:\/\/primarysocialstudies.skola.edu.mt\/wp-content\/uploads\/2019\/05\/C333-kif-nimmaniggjaw-ix-xewqat.pdf\" class=\"wp-block-file__button\" download>Download<\/a><\/div>\n\n\n\n<div class=\"wp-block-file\"><a href=\"https:\/\/primarysocialstudies.skola.edu.mt\/wp-content\/uploads\/2019\/05\/C334-relazzjoni-bejn-xewqat-bzonnijiet-ambjent.pdf\">C334-relazzjoni-bejn-xewqat-bzonnijiet-ambjent<\/a><a href=\"https:\/\/primarysocialstudies.skola.edu.mt\/wp-content\/uploads\/2019\/05\/C334-relazzjoni-bejn-xewqat-bzonnijiet-ambjent.pdf\" class=\"wp-block-file__button\" download>Download<\/a><\/div>\n\n\n\n<div class=\"wp-block-file\"><a href=\"https:\/\/primarysocialstudies.skola.edu.mt\/wp-content\/uploads\/2019\/05\/C335-meta-ma-nissodisfawx-il-bzonnijiet-bazici.pdf\">C335-meta-ma-nissodisfawx-il-bzonnijiet-bazici<\/a><a href=\"https:\/\/primarysocialstudies.skola.edu.mt\/wp-content\/uploads\/2019\/05\/C335-meta-ma-nissodisfawx-il-bzonnijiet-bazici.pdf\" class=\"wp-block-file__button\" download>Download<\/a><\/div>\n\n\n\n<h2 class=\"wp-block-heading\"><strong>\u0120EOGRAFIJA (3 Sena)<\/strong><\/h2>\n\n\n\n<p><strong>BLOKK \u01203.1 (In\u017curu l-Kampanja)<\/strong> li jinkludi  \u01203.1.1, <strong>\u01203.1.2*<\/strong>, \u01203.1.3,  \u01203.1.4, \u01203.1.5<\/p>\n\n\n\n<div class=\"wp-block-file\"><a href=\"https:\/\/primarysocialstudies.skola.edu.mt\/wp-content\/uploads\/2019\/05\/G311-rizorsi-dwar-il-kampanja-maltija.pdf\">G311-rizorsi-dwar-il-kampanja-maltija<\/a><a href=\"https:\/\/primarysocialstudies.skola.edu.mt\/wp-content\/uploads\/2019\/05\/G311-rizorsi-dwar-il-kampanja-maltija.pdf\" class=\"wp-block-file__button\" download>Download<\/a><\/div>\n\n\n\n<div class=\"wp-block-file\"><a href=\"https:\/\/primarysocialstudies.skola.edu.mt\/wp-content\/uploads\/2019\/05\/G312-nidentifikaw-il-karatteristici-ewlenin-tal-kampanja-maltija.pdf\">G312-nidentifikaw-il-karatteristici-ewlenin-tal-kampanja-maltija<\/a><a href=\"https:\/\/primarysocialstudies.skola.edu.mt\/wp-content\/uploads\/2019\/05\/G312-nidentifikaw-il-karatteristici-ewlenin-tal-kampanja-maltija.pdf\" class=\"wp-block-file__button\" download>Download<\/a><\/div>\n\n\n\n<div class=\"wp-block-file\"><a href=\"https:\/\/primarysocialstudies.skola.edu.mt\/wp-content\/uploads\/2019\/05\/G313-flora-u-fawna.pdf\">G313-flora-u-fawna<\/a><a href=\"https:\/\/primarysocialstudies.skola.edu.mt\/wp-content\/uploads\/2019\/05\/G313-flora-u-fawna.pdf\" class=\"wp-block-file__button\" download>Download<\/a><\/div>\n\n\n\n<div class=\"wp-block-file\"><a href=\"https:\/\/primarysocialstudies.skola.edu.mt\/wp-content\/uploads\/2019\/05\/G314-l-importanza-tal-ilma-fil-kampanja.pdf\">G314-l-importanza-tal-ilma-fil-kampanja<\/a><a href=\"https:\/\/primarysocialstudies.skola.edu.mt\/wp-content\/uploads\/2019\/05\/G314-l-importanza-tal-ilma-fil-kampanja.pdf\" class=\"wp-block-file__button\" download>Download<\/a><\/div>\n\n\n\n<div class=\"wp-block-file\"><a href=\"https:\/\/primarysocialstudies.skola.edu.mt\/wp-content\/uploads\/2019\/05\/G315-kodici-ta-mgiba-ghall-kampanja.pdf\">G315-kodici-ta-mgiba-ghall-kampanja<\/a><a href=\"https:\/\/primarysocialstudies.skola.edu.mt\/wp-content\/uploads\/2019\/05\/G315-kodici-ta-mgiba-ghall-kampanja.pdf\" class=\"wp-block-file__button\" download>Download<\/a><\/div>\n\n\n\n<p><strong>BLOKK \u01203.2 (Na\u0127dmu u Nilg\u0127abu  fis-Sigurt\u00e0)<\/strong> li jinkludi: \u01203.2.1, <strong>\u01203.2.2*<\/strong>,  \u01203.2.3, \u01203.2.4, \u01203.2.5<\/p>\n\n\n\n<div class=\"wp-block-file\"><a href=\"https:\/\/primarysocialstudies.skola.edu.mt\/wp-content\/uploads\/2019\/05\/G321-ninvestigaw-incidenti-2.pdf\">G321-ninvestigaw-incidenti-2<\/a><a href=\"https:\/\/primarysocialstudies.skola.edu.mt\/wp-content\/uploads\/2019\/05\/G321-ninvestigaw-incidenti-2.pdf\" class=\"wp-block-file__button\" download>Download<\/a><\/div>\n\n\n\n<div class=\"wp-block-file\"><a href=\"https:\/\/primarysocialstudies.skola.edu.mt\/wp-content\/uploads\/2019\/05\/G322-ghaliex-isehhu-incidenti-fid-djar-1.pdf\">G322-ghaliex-isehhu-incidenti-fid-djar-1<\/a><a href=\"https:\/\/primarysocialstudies.skola.edu.mt\/wp-content\/uploads\/2019\/05\/G322-ghaliex-isehhu-incidenti-fid-djar-1.pdf\" class=\"wp-block-file__button\" download>Download<\/a><\/div>\n\n\n\n<div class=\"wp-block-file\"><a href=\"https:\/\/primarysocialstudies.skola.edu.mt\/wp-content\/uploads\/2019\/05\/G323-nuqqasijiet-sigurta-skola-lokalita.pdf\">G323-nuqqasijiet-sigurta-skola-lokalita<\/a><a href=\"https:\/\/primarysocialstudies.skola.edu.mt\/wp-content\/uploads\/2019\/05\/G323-nuqqasijiet-sigurta-skola-lokalita.pdf\" class=\"wp-block-file__button\" download>Download<\/a><\/div>\n\n\n\n<div class=\"wp-block-file\"><a href=\"https:\/\/primarysocialstudies.skola.edu.mt\/wp-content\/uploads\/2019\/05\/G324-proposti-titjib-sigurta-skola-lokalita.pdf\">G324-proposti-titjib-sigurta-skola-lokalita<\/a><a href=\"https:\/\/primarysocialstudies.skola.edu.mt\/wp-content\/uploads\/2019\/05\/G324-proposti-titjib-sigurta-skola-lokalita.pdf\" class=\"wp-block-file__button\" download>Download<\/a><\/div>\n\n\n\n<div class=\"wp-block-file\"><a href=\"https:\/\/primarysocialstudies.skola.edu.mt\/wp-content\/uploads\/2019\/05\/G325-azzjonijiet-taghna-li-jwasslu-ghal-incidenti.pdf\">G325-azzjonijiet-taghna-li-jwasslu-ghal-incidenti<\/a><a href=\"https:\/\/primarysocialstudies.skola.edu.mt\/wp-content\/uploads\/2019\/05\/G325-azzjonijiet-taghna-li-jwasslu-ghal-incidenti.pdf\" class=\"wp-block-file__button\" download>Download<\/a><\/div>\n\n\n\n<p><strong>BLOKK \u01203.3 (In\u0127arsu l-Ambjent ta\u2019 Madwarna)<\/strong>  li jinkludi: \u01203.3.1, <strong>\u01203.3.2*<\/strong>, \u01203.3.3, \u01203.3.4, \u01203.3.5<\/p>\n\n\n\n<div class=\"wp-block-file\"><a href=\"https:\/\/primarysocialstudies.skola.edu.mt\/wp-content\/uploads\/2019\/05\/G331-sbuhija-kruha-fil-lokalita-taghna.pdf\">G331-sbuhija-kruha-fil-lokalita-taghna<\/a><a href=\"https:\/\/primarysocialstudies.skola.edu.mt\/wp-content\/uploads\/2019\/05\/G331-sbuhija-kruha-fil-lokalita-taghna.pdf\" class=\"wp-block-file__button\" download>Download<\/a><\/div>\n\n\n\n<div class=\"wp-block-file\"><a href=\"https:\/\/primarysocialstudies.skola.edu.mt\/wp-content\/uploads\/2019\/05\/G332-inharsu-intejbu-ambjent.pdf\">G332-inharsu-intejbu-ambjent<\/a><a href=\"https:\/\/primarysocialstudies.skola.edu.mt\/wp-content\/uploads\/2019\/05\/G332-inharsu-intejbu-ambjent.pdf\" class=\"wp-block-file__button\" download>Download<\/a><\/div>\n\n\n\n<div class=\"wp-block-file\"><a href=\"https:\/\/primarysocialstudies.skola.edu.mt\/wp-content\/uploads\/2019\/05\/G333-nibzghu-ghall-ilma.pdf\">G333-nibzghu-ghall-ilma<\/a><a href=\"https:\/\/primarysocialstudies.skola.edu.mt\/wp-content\/uploads\/2019\/05\/G333-nibzghu-ghall-ilma.pdf\" class=\"wp-block-file__button\" download>Download<\/a><\/div>\n\n\n\n<div class=\"wp-block-file\"><a href=\"https:\/\/primarysocialstudies.skola.edu.mt\/wp-content\/uploads\/2019\/05\/G334-nibzghu-ghad-dawl-elettriku.pdf\">G334-nibzghu-ghad-dawl-elettriku<\/a><a href=\"https:\/\/primarysocialstudies.skola.edu.mt\/wp-content\/uploads\/2019\/05\/G334-nibzghu-ghad-dawl-elettriku.pdf\" class=\"wp-block-file__button\" download>Download<\/a><\/div>\n\n\n\n<div class=\"wp-block-file\"><a href=\"https:\/\/primarysocialstudies.skola.edu.mt\/wp-content\/uploads\/2019\/05\/G335-arja-tajba-spazju-pubbliku.pdf\">G335-arja-tajba-spazju-pubbliku<\/a><a href=\"https:\/\/primarysocialstudies.skola.edu.mt\/wp-content\/uploads\/2019\/05\/G335-arja-tajba-spazju-pubbliku.pdf\" class=\"wp-block-file__button\" download>Download<\/a><\/div>\n\n\n\n<h2 class=\"wp-block-heading\"><strong>STORJA (3 Sena)<\/strong><\/h2>\n\n\n\n<p><strong>BLOKK S3.1  (Nivvja\u0121\u0121aw Madwar il-G\u017cejjer Maltin)<\/strong> li jinkludi: S3.1.1, S3.1.2, S3.1.3, <strong>S3.1.4*<\/strong>, S3.1.5<\/p>\n\n\n\n<div class=\"wp-block-file\"><a href=\"https:\/\/primarysocialstudies.skola.edu.mt\/wp-content\/uploads\/2019\/05\/S311-mezzi-trasport-uzati-llum.pdf\">S311-mezzi-trasport-uzati-llum<\/a><a href=\"https:\/\/primarysocialstudies.skola.edu.mt\/wp-content\/uploads\/2019\/05\/S311-mezzi-trasport-uzati-llum.pdf\" class=\"wp-block-file__button\" download>Download<\/a><\/div>\n\n\n\n<div class=\"wp-block-file\"><a href=\"https:\/\/primarysocialstudies.skola.edu.mt\/wp-content\/uploads\/2019\/05\/S312-ir-rota.pdf\">S312-ir-rota<\/a><a href=\"https:\/\/primarysocialstudies.skola.edu.mt\/wp-content\/uploads\/2019\/05\/S312-ir-rota.pdf\" class=\"wp-block-file__button\" download>Download<\/a><\/div>\n\n\n\n<div class=\"wp-block-file\"><a href=\"https:\/\/primarysocialstudies.skola.edu.mt\/wp-content\/uploads\/2019\/05\/S313-mezzi-trasport-malta-fil-passat.pdf\">S313-mezzi-trasport-malta-fil-passat<\/a><a href=\"https:\/\/primarysocialstudies.skola.edu.mt\/wp-content\/uploads\/2019\/05\/S313-mezzi-trasport-malta-fil-passat.pdf\" class=\"wp-block-file__button\" download>Download<\/a><\/div>\n\n\n\n<div class=\"wp-block-file\"><a href=\"https:\/\/primarysocialstudies.skola.edu.mt\/wp-content\/uploads\/2019\/05\/S314-bidla-kontinwita-trasport-bahar-gzejjer-maltin.pdf\">S314-bidla-kontinwita-trasport-bahar-gzejjer-maltin<\/a><a href=\"https:\/\/primarysocialstudies.skola.edu.mt\/wp-content\/uploads\/2019\/05\/S314-bidla-kontinwita-trasport-bahar-gzejjer-maltin.pdf\" class=\"wp-block-file__button\" download>Download<\/a><\/div>\n\n\n\n<div class=\"wp-block-file\"><a href=\"https:\/\/primarysocialstudies.skola.edu.mt\/wp-content\/uploads\/2019\/05\/S315-mezzi-trasport-u-ambjent-nadif.pdf\">S315-mezzi-trasport-u-ambjent-nadif<\/a><a href=\"https:\/\/primarysocialstudies.skola.edu.mt\/wp-content\/uploads\/2019\/05\/S315-mezzi-trasport-u-ambjent-nadif.pdf\" class=\"wp-block-file__button\" download>Download<\/a><\/div>\n\n\n\n<p><strong>BLOKK S3.2 (Il-\u0126wejje\u0121)<\/strong> li jinkludi:  S3.2.1, <strong>S3.2.2*,<\/strong> S3.2.3,  S3.2.4, S3.2.5<\/p>\n\n\n\n<div class=\"wp-block-file\"><a href=\"https:\/\/primarysocialstudies.skola.edu.mt\/wp-content\/uploads\/2019\/05\/S321-ricerka-dwar-l-ilbies.pdf\">S321-ricerka-dwar-l-ilbies<\/a><a href=\"https:\/\/primarysocialstudies.skola.edu.mt\/wp-content\/uploads\/2019\/05\/S321-ricerka-dwar-l-ilbies.pdf\" class=\"wp-block-file__button\" download>Download<\/a><\/div>\n\n\n\n<div class=\"wp-block-file\"><a href=\"https:\/\/primarysocialstudies.skola.edu.mt\/wp-content\/uploads\/2019\/05\/S321-hwejjeg.ppt\">S321-hwejjeg<\/a><a href=\"https:\/\/primarysocialstudies.skola.edu.mt\/wp-content\/uploads\/2019\/05\/S321-hwejjeg.ppt\" class=\"wp-block-file__button\" download>Download<\/a><\/div>\n\n\n\n<div class=\"wp-block-file\"><a href=\"https:\/\/primarysocialstudies.skola.edu.mt\/wp-content\/uploads\/2019\/05\/S322-lbies-malti-antik.pdf\">S322-lbies-malti-antik<\/a><a href=\"https:\/\/primarysocialstudies.skola.edu.mt\/wp-content\/uploads\/2019\/05\/S322-lbies-malti-antik.pdf\" class=\"wp-block-file__button\" download>Download<\/a><\/div>\n\n\n\n<div class=\"wp-block-file\"><a href=\"https:\/\/primarysocialstudies.skola.edu.mt\/wp-content\/uploads\/2019\/05\/S323-lbies-civiltajiet-antiki.pdf\">S323-lbies-civiltajiet-antiki<\/a><a href=\"https:\/\/primarysocialstudies.skola.edu.mt\/wp-content\/uploads\/2019\/05\/S323-lbies-civiltajiet-antiki.pdf\" class=\"wp-block-file__button\" download>Download<\/a><\/div>\n\n\n\n<div class=\"wp-block-file\"><a href=\"https:\/\/primarysocialstudies.skola.edu.mt\/wp-content\/uploads\/2019\/05\/S324-uniformijiet-suldati-antiki-moderni.pdf\">S324-uniformijiet-suldati-antiki-moderni<\/a><a href=\"https:\/\/primarysocialstudies.skola.edu.mt\/wp-content\/uploads\/2019\/05\/S324-uniformijiet-suldati-antiki-moderni.pdf\" class=\"wp-block-file__button\" download>Download<\/a><\/div>\n\n\n\n<div class=\"wp-block-file\"><a href=\"https:\/\/primarysocialstudies.skola.edu.mt\/wp-content\/uploads\/2019\/05\/S325-ninnutaw-bidla-kontinwita-lbies.pdf\">S325-ninnutaw-bidla-kontinwita-lbies<\/a><a href=\"https:\/\/primarysocialstudies.skola.edu.mt\/wp-content\/uploads\/2019\/05\/S325-ninnutaw-bidla-kontinwita-lbies.pdf\" class=\"wp-block-file__button\" download>Download<\/a><\/div>\n\n\n\n<p><strong>BLOKK S3.3 (Il-\u0126wienet \u2013 Dari u Llum)<\/strong> li  jinkludi: S3.3.1, S3.3.2, <strong>S3.3.3*<\/strong>, S3.3.4, S3.3.5<\/p>\n\n\n\n<div class=\"wp-block-file\"><a href=\"https:\/\/primarysocialstudies.skola.edu.mt\/wp-content\/uploads\/2019\/05\/S331-hwienet-tal-lum.pdf\">S331-hwienet-tal-lum<\/a><a href=\"https:\/\/primarysocialstudies.skola.edu.mt\/wp-content\/uploads\/2019\/05\/S331-hwienet-tal-lum.pdf\" class=\"wp-block-file__button\" download>Download<\/a><\/div>\n\n\n\n<div class=\"wp-block-file\"><a href=\"https:\/\/primarysocialstudies.skola.edu.mt\/wp-content\/uploads\/2019\/05\/S332-il-hanut-tax-xorb-antik.pdf\">S332-il-hanut-tax-xorb-antik<\/a><a href=\"https:\/\/primarysocialstudies.skola.edu.mt\/wp-content\/uploads\/2019\/05\/S332-il-hanut-tax-xorb-antik.pdf\" class=\"wp-block-file__button\" download>Download<\/a><\/div>\n\n\n\n<div class=\"wp-block-file\"><a href=\"https:\/\/primarysocialstudies.skola.edu.mt\/wp-content\/uploads\/2019\/05\/S333-inqabblu-hwienet-ta-dari-mal-lum.pdf\">S333-inqabblu-hwienet-ta-dari-mal-lum<\/a><a href=\"https:\/\/primarysocialstudies.skola.edu.mt\/wp-content\/uploads\/2019\/05\/S333-inqabblu-hwienet-ta-dari-mal-lum.pdf\" class=\"wp-block-file__button\" download>Download<\/a><\/div>\n\n\n\n<div class=\"wp-block-file\"><a href=\"https:\/\/primarysocialstudies.skola.edu.mt\/wp-content\/uploads\/2019\/05\/S333-hwienet-ta-dari-NOTI.pdf\">S333-hwienet-ta-dari-NOTI<\/a><a href=\"https:\/\/primarysocialstudies.skola.edu.mt\/wp-content\/uploads\/2019\/05\/S333-hwienet-ta-dari-NOTI.pdf\" class=\"wp-block-file__button\" download>Download<\/a><\/div>\n\n\n\n<div class=\"wp-block-file\"><a href=\"https:\/\/primarysocialstudies.skola.edu.mt\/wp-content\/uploads\/2019\/05\/S334-inqabblu-attivitajiet-fil-hwienet-antiki-mal-lum.pdf\">S334-inqabblu-attivitajiet-fil-hwienet-antiki-mal-lum<\/a><a href=\"https:\/\/primarysocialstudies.skola.edu.mt\/wp-content\/uploads\/2019\/05\/S334-inqabblu-attivitajiet-fil-hwienet-antiki-mal-lum.pdf\" class=\"wp-block-file__button\" download>Download<\/a><\/div>\n\n\n\n<div class=\"wp-block-file\"><a href=\"https:\/\/primarysocialstudies.skola.edu.mt\/wp-content\/uploads\/2019\/05\/S335-ghala-hwienet-tbiddlu-maz-zmien.pdf\">S335-ghala-hwienet-tbiddlu-maz-zmien<\/a><a href=\"https:\/\/primarysocialstudies.skola.edu.mt\/wp-content\/uploads\/2019\/05\/S335-ghala-hwienet-tbiddlu-maz-zmien.pdf\" class=\"wp-block-file__button\" download>Download<\/a><\/div>\n\n\n\n<div class=\"wp-block-file\"><a href=\"https:\/\/primarysocialstudies.skola.edu.mt\/wp-content\/uploads\/2019\/05\/S335-ghala-hwienet-tbiddlu-maz-zmien-NOTI.pdf\">S335-ghala-hwienet-tbiddlu-maz-zmien-NOTI<\/a><a href=\"https:\/\/primarysocialstudies.skola.edu.mt\/wp-content\/uploads\/2019\/05\/S335-ghala-hwienet-tbiddlu-maz-zmien-NOTI.pdf\" class=\"wp-block-file__button\" download>Download<\/a><\/div>\n","protected":false},"excerpt":{"rendered":"<p>\u010aIVIKA \u00a0(3 Sena) BLOKK \u010a3.1 (Il-\u0126bieb Tag\u0127na) li jinkludi \u010a3.1.1, \u010a3.1.2, \u010a3.1.3 \u010a3.1.4.* \u010a3.1.5 BLOKK \u010a3.2 (L-Iskola Tag\u0127na) li jinkludi \u010a3.2.1, \u010a3.2.2, \u010a3.2.3, \u010a3.2.4*, \u010a3.2.5 BLOKK \u010a3.3 (Il-B\u017connijiet Tag\u0127na) li jinkludi: \u010a3.3.1*, \u010a3.3.2, \u010a3.3.3, \u010a3.3.4, \u010a3.3.5 \u0120EOGRAFIJA (3 Sena) BLOKK \u01203.1 (In\u017curu l-Kampanja) li jinkludi \u01203.1.1, \u01203.1.2*, \u01203.1.3, \u01203.1.4, \u01203.1.5 BLOKK \u01203.2 (Na\u0127dmu u Nilg\u0127abu &hellip; <a href=\"https:\/\/primarysocialstudies.skola.edu.mt\/?page_id=2679\" class=\"more-link\">Continue reading <span class=\"screen-reader-text\">worksheets &#8211; 3 sena (ML)<\/span> <span class=\"meta-nav\">&rarr;<\/span><\/a><\/p>\n","protected":false},"author":2,"featured_media":0,"parent":2221,"menu_order":3,"comment_status":"open","ping_status":"open","template":"","meta":{"footnotes":""},"_links":{"self":[{"href":"https:\/\/primarysocialstudies.skola.edu.mt\/index.php?rest_route=\/wp\/v2\/pages\/2679"}],"collection":[{"href":"https:\/\/primarysocialstudies.skola.edu.mt\/index.php?rest_route=\/wp\/v2\/pages"}],"about":[{"href":"https:\/\/primarysocialstudies.skola.edu.mt\/index.php?rest_route=\/wp\/v2\/types\/page"}],"author":[{"embeddable":true,"href":"https:\/\/primarysocialstudies.skola.edu.mt\/index.php?rest_route=\/wp\/v2\/users\/2"}],"replies":[{"embeddable":true,"href":"https:\/\/primarysocialstudies.skola.edu.mt\/index.php?rest_route=%2Fwp%2Fv2%2Fcomments&post=2679"}],"version-history":[{"count":37,"href":"https:\/\/primarysocialstudies.skola.edu.mt\/index.php?rest_route=\/wp\/v2\/pages\/2679\/revisions"}],"predecessor-version":[{"id":4034,"href":"https:\/\/primarysocialstudies.skola.edu.mt\/index.php?rest_route=\/wp\/v2\/pages\/2679\/revisions\/4034"}],"up":[{"embeddable":true,"href":"https:\/\/primarysocialstudies.skola.edu.mt\/index.php?rest_route=\/wp\/v2\/pages\/2221"}],"wp:attachment":[{"href":"https:\/\/primarysocialstudies.skola.edu.mt\/index.php?rest_route=%2Fwp%2Fv2%2Fmedia&parent=2679"}],"curies":[{"name":"wp","href":"https:\/\/api.w.org\/{rel}","templated":true}]}}